w) + h(w). Determine z(a).
1
Let c be (12/(-16))/(1/4). Let k(a) be the second derivative of 0 - 1/6*a**3 + 8*a + 2*a**2. Determine k(c).
7
Let j(m) = m**3 - m**2 - 3*m + 10. Let d be j(0). Let a(u) = 6*u - 5*u + 16*u**3 - d*u**3 - 7*u**3 - 4*u**2. Determine a(-2).
-10
Let z(o) be the first derivative of -o**3/3 + o - 19. Let l be (-6)/15 + 6/15. Calculate z(l).
1
Let w(k) = -k**2 + 4*k - 4. Let x(q) = q**3 + 6*q**2 - 8*q - 5. Let v be x(-7). Let i be (-3 - (-9 + 1 + v))*1. Calculate w(i).
-1
Suppose -2*u + 7*u + 1 = -2*w, -w - u = 8. Let p(b) = b**3 + 13*b**2 - b + 2. Calculate p(w).
15
Let q(l) = -2*l**2 + 14*l**3 + 3*l - 2 + 13*l**2 - 12*l**2. Calculate q(1).
14
Let z(f) = f**3 - 6*f**2 + 4*f + 4. Let i = 9 - 4. Let r be z(i). Let x(v) be the second derivative of 5*v**3/6 + v**2/2 + 2*v - 58. Calculate x(r).
-4
Suppose 0 = -5*t + 3*n + 4, -4*n = n + 15. Let v be 28 + (-4)/((-12)/(-15)) + 3. Let p(g) = -19*g**3 - v*g**3 + g + 79*g**3 + g**2 - 28*g**3. Calculate p(t).
-6
Let j(a) = -7*a + 4. Let t(p) = -3 + 6*p - 3*p + 2*p + 0. Let d(n) = 5*j(n) + 8*t(n). Determine d(4).
16
Let o(y) be the second derivative of -y**5/20 - 3*y**4/4 + y**3/6 - 5*y**2/2 + 355*y. Give o(-9).
-14
Suppose 119 = 73*m - 27. Let r(y) be the first derivative of 2 + m*y + 1/2*y**2. What is r(-6)?
-4
Let u(i) = 4*i + 10. Let o(k) = -7*k - 20. Let w(v) = 3*o(v) + 5*u(v). Let r(a) = a**2 + 9*a + 8. Let y be r(-9). Let m be -7 + 3*y/12. Give w(m).
-5
Let u = -840 + 834. Let a(y) = y**2 + 3*y - 22. Give a(u).
-4
Let i = -2 + 2. Let p(f) = -1 + i*f**2 + 2*f + f**2 + 3*f. Let z(q) = q**2 + q - 10. Let t be z(2). Determine p(t).
-5
Let l(s) = -s**2 - 7*s - 4. Let a(j) = -3*j**3 - 13*j**2 + 10*j - 6. Let i be a(-5). Calculate l(i).
2
Let f = -4 - -2. Let x(j) = -j - 16. Let u(r) = -5*r + 29. Let m(v) = u(v) + 2*x(v). What is m(f)?
11
Let m(i) = 11*i + 79. Let s be m(-7). Let p(y) = 3*y**2 - y + 1. Calculate p(s).
11
Let u(n) be the second derivative of n**5/20 - n**4/2 - n**3/3 + n**2 - 9*n - 1. What is u(6)?
-10
Let q be (-2 + 1)/(4 + -3)*-1. Let s(n) = n**2 + n + 2. Let w be s(0). Let z(v) = -4 + 4 - v**w. Give z(q).
-1
Let v(c) = c**3 - 3*c**2 + 3*c - 1. Suppose -424 = 43*y - 51*y. Let i = y - 50. Give v(i).
8
Let d(y) be the first derivative of -y**2/2 + 1. Suppose 8*k - 4*k + 5*o = -129, 114 = -3*k + 2*o. Let n = k + 37. Give d(n).
-1
Let q(a) = a - 2*a - 15 + 2*a. Let b be q(14). Let l(g) = 14*g**2 - 3*g - 8. Let d(i) = 9*i**2 - 2*i - 5. Let k(w) = -8*d(w) + 5*l(w). Give k(b).
-3
Let y(g) = 4*g**2 + 7*g + 29. Let i(r) = r**2 - r + 3. Let o(z) = 5*i(z) - y(z). What is o(12)?
-14
Let t(y) = -y**3 - 4*y**2 + 5*y - 3. Suppose -59*q - 25 = -54*q. Let r be t(q). Let i(l) = -3*l. Calculate i(r).
9
Let g(z) = -z**3 - 6*z**2 - 2*z + 6. Let b(r) = -19*r + 51. Let w be b(3). Determine g(w).
18
Let u = 2 + -2. Suppose 87 = 3*r + 30. Let f(l) = -2*l + 3*l + 7 - 16*l**2 + 36*l**2 - r*l**2. Determine f(u).
7
Suppose -5*q + 3*m = -47, -26*q - 3*m - 5 = -25*q. Let f(g) be the first derivative of q*g - 7/2*g**2 - 6 - 1/3*g**3. What is f(-7)?
7
Let c(y) = y**2 + y. Let p(u) = 4*u**2 + 5*u - 2. Let z be ((-35)/7)/(2/2). Let w(a) = z*c(a) + p(a). What is w(3)?
-11
Let t be (1 + (1 - -3))/(-1). Let v = -72 - -22. Let u be 5/(v/8)*t. Let n(y) = -y**2 + y + 4. What is n(u)?
-8
Let t(p) be the third derivative of -p**4/4 - 2*p**3/3 - 2*p**2. Suppose -y + 4*k - 15 = -30, 3*k + 24 = 5*y. Determine t(y).
-22
Let h(n) = 2*n**3 + 1. Let m(d) be the first derivative of -d**3/3 + 9*d**2/2 - 13*d + 9. Let t be m(7). Give h(t).
3
Let h(n) = -n**3 + 5*n**2 + 4*n - 1. Suppose -4 = 10*z - 11*z. What is h(z)?
31
Let k(n) = 2*n + 1 - n + 12. What is k(-6)?
7
Let z(h) = -h**3 - 3*h**2 + 4*h + 5. Let y = 195 - 199. Determine z(y).
5
Let l be 3/((-6)/20) + (-2)/1. Let z be ((-3)/4 - 9/l)*-1. Let a(p) = -p**2 - p + 6. Calculate a(z).
6
Let k(c) = 62*c**2 - 2*c + 11. Let w = -47 + 55. Let y(q) = 41*q**2 - q + 7. Let x(n) = w*y(n) - 5*k(n). Determine x(-1).
17
Let w = 1323 - 1328. Let a(c) = -7 + 4*c**2 + 6 - 3*c**2 + c. Let n(q) = 2*q**2 + 3*q - 8. Let p(r) = -a(r) + n(r). What is p(w)?
8
Let w(b) = b**3 - 8*b**2 + 8*b - 7. Let s = -284 - -291. Calculate w(s).
0
Let y = 593 - 583. Let v(h) = -2*h**2 + 20*h + 1. Determine v(y).
1
Let w(g) be the first derivative of -g**5/120 + g**4/12 + 5*g**3/3 + 16. Let b(t) be the third derivative of w(t). Determine b(2).
0
Let b(y) = -23*y + 9. Let v(l) = -18*l + 8. Let u(p) = 5*b(p) - 6*v(p). Calculate u(-7).
46
Let m be (-7 + -13)*2/(3 - 7). Let p(f) be the second derivative of -m*f - f**3 - 1/2*f**2 + 0. Calculate p(1).
-7
Let z(j) = 4*j - 3. Let d(f) = -2*f - 6. Suppose -3*n + 5 - 40 = 5*s, -30 = 5*s + 2*n. Let k be d(s). Give z(k).
5
Let l(b) = 7 + 4*b + b**3 - 3*b + 7*b**2 + 5*b. Let h be (-5)/((-10)/6) - 18. Let u(k) = -2*k - 36. Let m be u(h). Determine l(m).
7
Suppose 4*i = i. Suppose 4*f = a - 3*a - 14, i = -3*a + 2*f - 29. Let n = a + 6. Let w(c) = c**2 + 3*c + 4. Give w(n).
4
Let u(v) = -v - 11. Let t = -215 + 204. Determine u(t).
0
Suppose 9*x + 33 = -24*x. Let z(m) = -11*m**3 - 6*m + 6. Let n(y) = -120*y**3 - 65*y + 65. Let t(l) = -6*n(l) + 65*z(l). Determine t(x).
-5
Let q(u) = 5*u - 11*u + 2*u**2 + 1 + 13 - 7. Calculate q(3).
7
Suppose -3*h = -j - 12, -j + 2*h - 6 = 2. Let d(i) = -2660*i + j*i**2 - 1 + i**2 - 4 + 2654*i. Give d(5).
-10
Let n(k) = -7*k**3 + 3*k**2 + 2*k + 4. Let x be -3 + -12*18/(-24). Let j(y) = 15*y**3 - 7*y**2 - 4*y - 9. Let a(s) = x*j(s) + 13*n(s). Give a(-3).
-8
Let k(q) be the first derivative of -q**4/4 - 4*q**3/3 + q**2/2 + 5*q + 4. Let j be k(-4). Let g(s) = -3*s**2 - 2*s - 3 + 5 - 1 + 4*s**2. Calculate g(j).
0
Let x(n) = -n**3 + n**2 - n - 3. Let i(q) = -q - 16. Let o = -50 + 34. Let g be i(o). Give x(g).
-3
Let x(y) = -5*y**2 + 5*y**2 + 3*y**2 + 8 - 9*y - 2*y**2. Give x(7).
-6
Let o(v) = 5*v. Let z(k) = 4*k - 30. Let t be z(14). Suppose 19 = -4*a + 3*i, -1 = 2*a - 5*i + t. Calculate o(a).
-5
Let y be ((-12)/4)/((-3)/(-6)). Let w = 9 - 7. Let l(a) = 8*a - a**2 + 3 + 2*a**w + 0*a**2 + 5. What is l(y)?
-4
Let b(r) be the second derivative of 2*r - 1/12*r**4 + 0 - 5/6*r**3 - 3/2*r**2. Let o be 15/2*(-17)/(714/28). Calculate b(o).
-3
Let p(z) be the second derivative of -z**6/360 - 3*z**5/40 + z**4/3 - 11*z**3/6 + 45*z. Let b(w) be the second derivative of p(w). Give b(-10).
-2
Let o(j) be the first derivative of -j**4/4 - 2*j**3 + 5*j**2 + 6*j - 50. Calculate o(-7).
-15
Suppose 0 = 4*i + 4 - 16. Suppose 0 = -i*o + 6, 4*o + 0*o + 1 = -3*r. Let q(a) = -54*a**2 + 53*a**2 + 84 - 169 + 82 - 2*a. Calculate q(r).
-6
Suppose -2*f + f - 5 = -2*z, -3*z - 2*f + 4 = 0. Let s(l) = z - 3*l**2 - 5*l + 2 - l**2 + 3*l**2. What is s(-5)?
4
Let y(z) be the second derivative of z**4/12 - 13*z**3/6 + 7*z**2 + 2436*z. Suppose -2*f - 2*t + 16 = 0, -4 = -f + t - 3*t. Calculate y(f).
2
Let y(j) = 7*j**3 - j**2 + 3*j + 6. Let u(v) = 6*v**3 + 3*v + 6. Let s(m) = -6*u(m) + 5*y(m). Suppose 0*o - 4*o - 20 = 0. Give s(o).
9
Let q(u) be the first derivative of -29 - 1/2*u**2 - 2*u. Calculate q(-3).
1
Let f(j) = j**2 + 6*j - 3. Let q(p) = -p**3 + 11*p**2 + 13*p. Let v be q(12). Let r(s) = -2*s + 19. Let w be r(v). Calculate f(w).
-8
Let s(d) = -d + 1. Let m be s(-7). Suppose i + 3*i = m. Let v(l) be the second derivative of -5*l**3/6 - l**2 - 4*l. Give v(i).
-12
Let f be (-21)/(-8) - (-48)/128. Let o(c) = -1 - 5*c**2 + 3 + 98*c**f - 97*c**3 - 7*c. Determine o(6).
-4
Let v(b) = -8*b + 5. Let d = -107 - -112. Let w(p) = 6*p - 4. Let s(t) = d*v(t) + 6*w(t). Calculate s(-1).
5
Let y(w) = 8*w**2 + 11*w + 4. Let o(h) = -13*h**2 - 18*h - 6. Let j(t) = 5*o(t) + 8*y(t). Let b(f) = f + 7. Let q be b(-3). Let u be q*((-1)/2)/(-1). Give j(u).
-6
Let o = -1 - 1. Let y(k) = 5*k - 2. Let t(u) = 10*u - 5. Let p = 8 + -17. Let d(n) = p*y(n) + 4*t(n). What is d(o)?
8
Suppose -72*a - 40*a = -1344. Let c(k) = 2*k + 21. Give c(a).
45
Let r(n) = n**3 - 7*n**2 + 4. Suppose -7*u + 4*u = -69. Suppose -u*y = -28*y + 35. Calculate r(y).
4
Suppose 77*n - 83*n + 36 = 0. Let l(f) = 2*f - 11. Calculate l(n).
1
Let x(r) = 6*r**2 + 1. Let n be x(1). Let p = -493 + 502. Let s(u) = 5*u + p - n + u**2 - 8. Determine s(-6).
0
Let m(u) = -2*u. Let n = -26 - -30. Suppose -2 = -n*j + 6. Suppose -j*l + 9 = 4*s